{"id":2,"date":"2025-07-15T07:58:31","date_gmt":"2025-07-15T07:58:31","guid":{"rendered":"http:\/\/rodrelaks.kutno.pl\/?page_id=2"},"modified":"2026-02-24T14:48:20","modified_gmt":"2026-02-24T12:48:20","slug":"sample-page","status":"publish","type":"page","link":"https:\/\/rodrelaks.kutno.pl\/?page_id=2","title":{"rendered":"Kontakt"},"content":{"rendered":"\n<p class=\"has-medium-font-size\"><strong>Rodzinny Ogr\u00f3d Dzia\u0142kowy \u201eRelaks\u201d w Kutnie<\/strong><br>ul. Krzywoustego 6<br>99-300 Kutno<\/p>\n\n\n\n<p class=\"has-large-font-size\"><strong>Zarz\u0105d ROD Relaks w Kutnie<\/strong><\/p>\n\n\n\n<blockquote class=\"wp-block-quote is-layout-flow wp-block-quote-is-layout-flow\">\n<p class=\"is-style-default has-medium-font-size\"><strong>Stasiak Ilona &#8211; Prezes Zarz\u0105du<\/strong><br>Miko\u0142ajczyk Krzysztof &#8211; Sekretarz Zarz\u0105du<br>Chilarski Dariusz &#8211; Skarbnik Zarz\u0105du<br>Zdzis\u0142aw&nbsp; Pietrzak&nbsp;&#8211; Cz\u0142onek Zarz\u0105du<\/p>\n<\/blockquote>\n\n\n\n<div class=\"wp-block-columns is-layout-flex wp-container-core-columns-is-layout-9d6595d7 wp-block-columns-is-layout-flex\">\n<div class=\"wp-block-column is-layout-flow wp-block-column-is-layout-flow\" style=\"flex-basis:100%\">\n<p class=\"has-large-font-size\"><strong>Komisja Rewizyjna ROD Relaks w Kutnie<\/strong><\/p>\n<\/div>\n<\/div>\n\n\n\n<blockquote class=\"wp-block-quote is-layout-flow wp-block-quote-is-layout-flow\">\n<p class=\"has-medium-font-size\">Majchrzak Bogus\u0142awa \u2013 przewodnicz\u0105ca KR<br>Siuda Henryk \u2013 zast\u0119pca przewodnicz\u0105cej KR<br>Broda Ireneusz \u2013 sekretarz KR<\/p>\n<\/blockquote>\n\n\n\n<p class=\"has-large-font-size\"><strong>Dane kontaktowe:<\/strong><\/p>\n\n\n\n<blockquote class=\"wp-block-quote is-layout-flow wp-block-quote-is-layout-flow\">\n<div class=\"wp-block-group\"><div class=\"wp-block-group__inner-container is-layout-constrained wp-block-group-is-layout-constrained\">\n<p class=\"has-medium-font-size\">Telefon: 724-630-825<br>Adres e-mail: biuro@rodrelaks.kutno.pl<br>Adres strony internetowej: www.rodrelaks.kutno.pl<\/p>\n<\/div><\/div>\n<\/blockquote>\n\n\n\n<div class=\"wp-block-buttons is-layout-flex wp-block-buttons-is-layout-flex\">\n<div class=\"wp-block-button is-style-outline is-style-outline--1\"><a class=\"wp-block-button__link has-text-align-left wp-element-button\" href=\"https:\/\/rodrelaks.kutno.pl\/?p=101\">Otwieranie bram &#8211; informacja<\/a><\/div>\n<\/div>\n\n\n\n<p><\/p>\n","protected":false},"excerpt":{"rendered":"<p>Rodzinny Ogr\u00f3d Dzia\u0142kowy \u201eRelaks\u201d w Kutnieul. Krzywoustego 699-300 Kutno Zarz\u0105d ROD Relaks w Kutnie Stasiak Ilona &#8211; Prezes Zarz\u0105duMiko\u0142ajczyk Krzysztof &#8211; Sekretarz Zarz\u0105duChilarski Dariusz &#8211; Skarbnik Zarz\u0105duZdzis\u0142aw&nbsp; Pietrzak&nbsp;&#8211; Cz\u0142onek Zarz\u0105du Komisja Rewizyjna ROD Relaks w Kutnie Majchrzak Bogus\u0142awa \u2013 przewodnicz\u0105ca KRSiuda Henryk \u2013 zast\u0119pca przewodnicz\u0105cej KRBroda Ireneusz \u2013 sekretarz KR Dane kontaktowe:<\/p>\n","protected":false},"author":1,"featured_media":0,"parent":0,"menu_order":0,"comment_status":"closed","ping_status":"open","template":"","meta":{"footnotes":""},"class_list":["post-2","page","type-page","status-publish","hentry"],"_links":{"self":[{"href":"https:\/\/rodrelaks.kutno.pl\/index.php?rest_route=\/wp\/v2\/pages\/2","targetHints":{"allow":["GET"]}}],"collection":[{"href":"https:\/\/rodrelaks.kutno.pl\/index.php?rest_route=\/wp\/v2\/pages"}],"about":[{"href":"https:\/\/rodrelaks.kutno.pl\/index.php?rest_route=\/wp\/v2\/types\/page"}],"author":[{"embeddable":true,"href":"https:\/\/rodrelaks.kutno.pl\/index.php?rest_route=\/wp\/v2\/users\/1"}],"replies":[{"embeddable":true,"href":"https:\/\/rodrelaks.kutno.pl\/index.php?rest_route=%2Fwp%2Fv2%2Fcomments&post=2"}],"version-history":[{"count":16,"href":"https:\/\/rodrelaks.kutno.pl\/index.php?rest_route=\/wp\/v2\/pages\/2\/revisions"}],"predecessor-version":[{"id":172,"href":"https:\/\/rodrelaks.kutno.pl\/index.php?rest_route=\/wp\/v2\/pages\/2\/revisions\/172"}],"wp:attachment":[{"href":"https:\/\/rodrelaks.kutno.pl\/index.php?rest_route=%2Fwp%2Fv2%2Fmedia&parent=2"}],"curies":[{"name":"wp","href":"https:\/\/api.w.org\/{rel}","templated":true}]}}